
-14
Let o(v) = 15*v + 1037. Determine o(-70).
-13
Let n(c) = -221*c - 1932. What is n(-9)?
57
Let r(i) = -5*i**2 + 13*i + 135. Calculate r(-7).
-201
Let y(n) = 83*n - 863. What is y(10)?
-33
Let c(u) = -u**3 + 3*u**2 + 26*u - 6. Give c(8).
-118
Let u(q) = 58*q - 93. Determine u(6).
255
Let z(a) = -a**3 - 2*a**2 + 17*a + 19. Give z(-2).
-15
Let o(y) = -179*y - 1404. Determine o(-7).
-151
Let a(v) = -2*v**2 - 143*v - 2179. Determine a(-22).
-1
Let z(k) = -146*k - 5988. Calculate z(-41).
-2
Let l(i) = i**3 - 45*i**2 + 324*i - 11. What is l(36)?
-11
Let y(v) = v**2 + 118*v - 600. Determine y(5).
15
Let z(l) = 5*l**2 - 57*l - 8. Calculate z(12).
28
Let g(l) = -58*l - 6644. Determine g(-116).
84
Let g(a) = 2*a**2 - 91*a + 31. Give g(45).
-14
Let g(t) = t**2 + 568*t + 3963. Determine g(-7).
36
Let q(n) = 38*n + 438. What is q(-17)?
-208
Let k(r) = r**3 - 2*r**2 - 53*r - 5. What is k(8)?
-45
Let a(m) = 3*m**3 + m**2 + 22*m - 23. Give a(1).
3
Let a(s) = 4254*s + 4269. Calculate a(-1).
15
Let i(g) = -20*g - 170. What is i(13)?
-430
Let n(v) = v**3 + 25*v**2 + 109*v - 112. Give n(-19).
-17
Let y(s) = -10*s**3 + 110*s**2 + 22*s - 17. Calculate y(11).
225
Let a(g) = -g - 8. Give a(4).
-12
Let k(o) = 5*o**3 - 9*o**2 - 20*o + 116. Calculate k(3).
110
Let u(w) = w**3 - 29*w**2 - 81*w + 538. Determine u(31).
-51
Let m(l) = 2*l - 21. Calculate m(8).
-5
Let k(x) = -x**3 + 11*x**2 - 10*x - 8. Calculate k(4).
64
Let g(l) = -7*l**3 - 10*l**2 - 30*l - 56. Give g(-2).
20
Let t(i) = -2*i**3 - 159*i**2 - 73*i + 478. What is t(-79)?
4
Let k(z) = -z**3 - 8*z**2 + 87*z + 43. Give k(-11).
-551
Let l(m) = m**2 - 57. Give l(0).
-57
Let t(z) = 2*z**3 + 6*z**2 - 638*z - 1915. Determine t(-3).
-1
Let y(c) = -c**3 + 54*c**2 - 95*c - 735. What is y(52)?
-267
Let d(j) = 126*j**2 - 488*j - 9. What is d(4)?
55
Let o(q) = 570*q - 34774. Calculate o(61).
-4
Let i(p) = p**3 - 5*p**2 - 13*p - 73. Give i(-7).
-570
Let x(y) = 6*y - 153. Give x(-21).
-279
Let x(r) = 36*r + 4670. Determine x(-128).
62
Let f(k) = -51*k**3 - 24*k**2 - 35*k + 37. Calculate f(-2).
419
Let r(l) = -l**3 + 5*l**2 + 47*l - 127. Calculate r(4).
77
Let n(x) = -x**3 + 5*x**2 + 24*x - 95. Give n(7).
-25
Let i(l) = l**3 - 14*l**2 + 149*l - 2084. Determine i(14).
2
Let q(n) = 1357*n + 31229. Determine q(-23).
18
Let z(c) = 2*c - 49. What is z(61)?
73
Let f(a) = -247*a - 2470. What is f(-10)?
0
Let q(o) = -35*o - 169. Calculate q(-5).
6
Let g(k) = k**3 - 9*k**2 - 19*k + 19. Give g(11).
52
Let g(w) = -187*w + 2642. What is g(14)?
24
Let s(l) = -1975*l + 9866. Give s(5).
-9
Let d(h) = 2*h**2 + 96*h + 1089. Calculate d(-14).
137
Let h(k) = -2*k**3 - 54*k**2 + 192*k - 56. What is h(-30)?
-416
Let f(n) = 114*n - 4328. Calculate f(38).
4
Let y(p) = p**3 + 55*p**2 - 58*p - 117. Calculate y(-56).
-5
Let f(p) = -11*p**3 - 66*p**2 - 43*p - 243. Determine f(-6).
15
Let g(n) = 2*n**2 - 6*n - 29. Give g(7).
27
Let b(z) = -5*z**2 - 106*z + 86. Determine b(-22).
-2
Let d(z) = z**2 + 115*z - 5425. Calculate d(36).
11
Let o(w) = -16*w - 79. Give o(-4).
-15
Let u(n) = 3646*n - 156790. Give u(43).
-12
Let x(h) = 444*h - 1322. Give x(3).
10
Let o(c) = -c**3 - 4*c**2 - 5*c - 3. Calculate o(-3).
3
Let v(h) = 52*h - 723. Calculate v(17).
161
Let a(w) = 207*w - 1023. What is a(5)?
12
Let q(p) = 86*p + 107. What is q(-3)?
-151
Let n(o) = o**3 + 18*o**2 - 20*o - 53. Determine n(-19).
-34
Let z(y) = y**3 + 6*y**2 - 20*y - 75. What is z(-8)?
-43
Let h(z) = -35*z**3 - 4*z**2 - 41*z - 37. Calculate h(-1).
35
Let n(f) = 156*f + 351. Determine n(-4).
-273
Let x(f) = -137*f - 4460. Calculate x(-33).
61
Let y(g) = 2*g**2 + 97*g + 40. Calculate y(-48).
-8
Let p(s) = -2296*s + 9178. What is p(4)?
-6
Let y(g) = 605*g + 603. Give y(-1).
-2
Let m(w) = 4*w**2 - 93*w + 54. Give m(25).
229
Let j(q) = q**3 - 209*q**2 + 195*q + 2702. What is j(208)?
-2
Let i(y) = -y**2 + 10*y - 101. Determine i(7).
-80
Let r(y) = -2*y**3 + 174*y**2 + 3*y - 263. Calculate r(87).
-2
Let y(r) = -40*r**2 - 27*r + 44. Determine y(3).
-397
Let k(n) = 34*n**2 - 27*n + 8. Give k(2).
90
Let h(v) = -52*v**3 + 7*v**2 + 22*v + 15. What is h(-2)?
415
Let s(h) = -697*h + 4881. What is s(7)?
2
Let r(p) = -p**2 - 33*p + 307. Determine r(-40).
27
Let y(w) = w**2 - 773*w + 23706. What is y(32)?
-6
Let p(x) = -277*x + 1385. Determine p(5).
0
Let h(i) = 13*i + 239. Give h(-17).
18
Let i(y) = -107*y - 15. Give i(-1).
92
Let s(t) = -201*t**3 + 5*t**2 + 3*t - 7. Calculate s(1).
-200
Let k(l) = 1474*l + 7393. Give k(-5).
23
Let l(i) = -3*i**3 - 120*i**2 - 16*i - 639. Determine l(-40).
1
Let u(y) = 14*y - 500. Give u(28).
-108
Let j(p) = -p**2 - 49*p - 650. Determine j(-25).
-50
Let l(s) = -66*s + 7912. Calculate l(120).
-8
Let o(k) = k**2 + 484*k - 2444. Give o(5).
1
Let i(f) = -183*f - 1683. Determine i(-11).
330
Let r(x) = -3*x**2 + 280*x - 384. Determine r(92).
-16
Let m(k) = 117*k + 49723. What is m(-425)?
-2
Let d(r) = -69*r + 1489. Determine d(20).
109
Let u(h) = -2*h**2 - 126*h - 276. Determine u(-60).
84
Let z(r) = -2497*r - 17488. What is z(-7)?
-9
Let a(w) = -5*w**3 - 7*w**2 - 4*w + 31. Give a(3).
-179
Let f(x) = -x**3 - 17*x**2 + 13*x + 391. What is f(-13)?
-454
Let l(w) = -62*w + 1161. What is l(18)?
45
Let j(x) = 5*x**2 + 67*x + 212. Give j(-9).
14
Let u(v) = 2*v**3 + 14*v**2 - 33*v + 3. What is u(-9)?
-24
Let c(j) = -3*j**2 + 3*j - 27. What is c(-14)?
-657
Let j(h) = h**3 - 8*h**2 + 3*h - 38. Calculate j(3).
-74
Let l(r) = 39*r**3 - 117*r**2 - 17*r + 38. Give l(3).
-13
Let d(i) = -55*i - 17036. Calculate d(-310).
14
Let s(n) = -46*n**2 + 6*n - 7. Determine s(1).
-47
Let q(o) = -o**3 + 19*o**2 + 90*o + 1. What is q(-7)?
645
Let c(a) = 952*a - 4807. What is c(5)?
-47
Let g(y) = y**3 - 71*y**2 + 69*y + 62. What is g(70)?
-8
Let v(x) = 217*x - 2444. What is v(13)?
377
Let t(p) = 5*p**2 - 85*p - 77. Give t(18).
13
Let n(f) = -311*f - 1065. What is n(-5)?
490
Let x(r) = 34*r - 1597. What is x(47)?
1
Let k(i) = 18*i + 554. Determine k(-16).
266
Let g(p) = 825*p - 18980. What is g(23)?
-5
Let v(p) = 2*p**2 + 56*p - 515. Give v(9).
151
Let y(i) = -i**2 - 147*i - 1995. Give y(-15).
-15
Let v(m) = 329*m + 27632. Give v(-84).
-4
Let o(l) = 3*l**2 + 30*l + 19. Calculate o(0).
19
Let u(x) = x**2 + 57*x + 245. Determine u(-52).
-15
Let q(f) = 9*f + 406. Determine q(-46).
-8
Let q(k) = k**2 + 33*k - 219. What is q(-39)?
15
Let y(j) = -j**3 - 45*j**2 + 42*j - 179. Give y(-46).
5
Let n(v) = 29*v - 67. What is n(-12)?
-415
Let z(m) = 495*m + 199. Determine z(-2).
-791
Let u(k) = -140*k - 3506. Give u(-23).
-286
Let q(o) = -32*o + 1094. What is q(29)?
166
Let y(s) = s**3 + s**2 + 8*s + 64. Determine y(-4).
-16
Let q(p) = 5*p**2 - 1022*p + 4003. Calculate q(4).
-5
Let h(j) = j**3 - 64*j**2 - 126*j - 408. Give h(66).
-12
Let w(x) = -49*x**2 + 18*x - 34. Determine w(2).
-194
Let s(o) = o**3 - 18*o**2 - 33*o - 134. Calculate s(20).
6
Let m(z) = 2*z**3 - 22*z**2 - z + 283. What is m(8)?
-109
Let m(n) = 610*n - 1246. What is m(2)?
-26
Let m(h) = -230*h - 1654. Calculate m(-6).
-274
Let j(o) = 24*o - 651. Calculate j(26).
-27
Let y(o) = -o**3 + 3*o**2 + 21*o + 5. Determine y(4).
73
Let p(c) = -8*c**2 - 95*c + 1270. Calculate p(8).
-2
Let s(l) = l**2 + 113*l + 945. Determine s(-9).
9
Let p(j) = 274*j + 1651. Calculate p(-6).
7
Let h(j) = -32*j - 21. Determine h(5).
-181
Let l(d) = 3*d**2 - 328*d - 6887. Give l(-18).
-11
Let n(c) = c**3 + 9*c**2 + 85*c + 487. Determine n(-7).
-10
Let w(f) = 3*f**2 - 16*f - 139. Calculate w(-5).
16
Let p(u) = 1152*u + 6903. Determine p(-6).
-9
Let h(j) = 15*j**3 - 50*j**2 - 2*j + 14. What is h(3)?
-37
Let b(o) = -o**2 - 110*o - 1427. Determine b(-99).
-338
Let x(b) = -146*b - 6982. What is x(-48)?
26
Let t(z) = -1471*z + 5884. Give t(4).
0
Let v(n) = 157*n - 453. Calculate v(3).
18
Let q(p) = -p**2 + 50*p + 4621. Calculate q(-48).
-83
Let l(n) = n**3 - 9*n**2 + 53*n - 272. Give l(7).
1
Let y(s) = 61*s + 3352. Calculate y(-55).
-3
Let f(u) = u**2 - 6*u - 300. What is f(20)?
-20
Let m(r) = r**3 - 23*r**2 - 110*r + 58. Calculate m(27).
4
Let b(v) = -706*v + 74132. Calculate b(105).
2
Let v(s) = -20*s**2 + 28*s + 160. What is v(4)?
-48
Let h(j) = 100*j - 417. Give h(5).
83
Let i(o) = -o**3 - 23*o**2 - 114*o + 42. Calculate i(-16).
74
Let o(s) = 2*s**3 - 68*s**2 + 67*s - 109. Determine 